 ((36 - 23) + -11)?
-2
Calculate 15 + -3 - (7 + 0).
5
Evaluate (-1 - -2 - -2) + (-31 + 29 - -3).
4
What is the value of -41 + 7 + 37 - (-2 + 10)?
-5
What is 2 + (40 - 36 - (3 + 10 + 2))?
-9
-5 + 2 + -33 + 12 + -1
-25
Evaluate 2 - 3 - ((11 - 6) + -15).
9
What is 10 + (-11 - -2 - -13)?
14
What is 9 - ((-8 - 10 - -10) + 31)?
-14
What is the value of -22 + -1 - -15 - (-6 + -1)?
-1
Evaluate (102 + -114 - (3 - -37)) + 10 + 1.
-41
14 + -21 + -4 - -10 - (3 + -12)
8
18 + (-50 - -13 - (-1 - 4))
-14
What is -53 - (-44 - (-40 - -17))?
-32
-1 - (6 + -14) - (4 + -6 + 21)
-12
Evaluate 41 + -18 + -14 + -5.
4
What is the value of -6 - 11 - (0 + -22)?
5
-8 - (-19 - -14) - -9
6
((-10 - -6) + 6 - 3) + 3 - -1
3
Evaluate -247 - -208 - (-2 + -21).
-16
Calculate -17 + (5 - (-9 - -3)) + -3 - 3.
-12
Calculate -6 + (3 - (-7 + 4)) + -8.
-8
What is the value of 3 + -6 + 6 + 36?
39
(16 - 17) + (-16 - 1)
-18
Evaluate -16 + 24 - (16 - 8).
0
Evaluate 7 + -2 + -4 - -5 - 13.
-7
9 + -7 - (-2 + (19 - 9) + 14)
-20
Evaluate 3 - 8 - (21 - 15).
-11
What is the value of 0 - (15 + -18 + 12)?
-9
Calculate 4 + -12 - (19 - 16).
-11
What is -1 + (-7 - -1) + -13 + (17 - 5)?
-8
What is 12 + -20 - (-1 - 19 - -2)?
10
Evaluate -4 - (-15 - (-8 + -33)).
-30
What is the value of 2 + 38 + -48 + (-20 - -5)?
-23
Evaluate -9 + -1 + (16 - (5 - -3 - -13)).
-15
-271 - -283 - (-1 + 3 + -2)
12
Evaluate -2 + 7 + -20 + 0 + (11 - 13).
-17
Evaluate 13 + -38 - -7 - -23.
5
Evaluate -1 + 86 + -30 + -30.
25
-21 - (-28 - (-14 - -8))
1
(8 - (-15 + 8 + -5)) + 11
31
-1 + -8 + (10 - (1 - 4))
4
What is 11 + (-23 - 23) + 10?
-25
Calculate (-4 - 6) + 15 - 10 - 4.
-9
What is the value of -7 - -17 - (3 + 3 + -4)?
8
5 + (-23 - (6 + -6 + 6)) + -6
-30
29 + (-9 - 5) + 8
23
254 + -227 + -3 + -18
6
Evaluate -9 + -8 + 2 + 17 - -9.
11
What is the value of (-28 - -14) + 1 + 4 + (-21 - -14)?
-16
-7 - 23 - (3 - 17)
-16
Calculate -4 - (0 - -4 - (-6 + 5 + 0)).
-9
What is the value of 16 + (24 - 23 - (-3 + 7))?
13
(6 - 10) + -2 + 15 + (-6 - -4)
7
Evaluate (2 - (-9 + 7 + -4)) + -1 - 11.
-4
Evaluate 14 - (5 + 0 + (-13 - (17 + -21))).
18
Calculate 22 - ((15 - 12 - -3) + 0).
16
What is the value of (-38 - -32) + (-2 + 3 + -1 - -8)?
2
What is the value of 2 - (13 - (7 - -2))?
-2
24 - (19 - 14) - 49
-30
What is 9 + -18 + 10 - -2 - (-2 - 5)?
10
17 + -4 + -17 + 0
-4
Evaluate (6 + -16 - -31) + 11 + -3.
29
Evaluate -2 + -2 + 11 + (-86 - -68).
-11
Calculate -8 + (21 - (4 - -11) - (8 - 0)).
-10
Calculate -9 + (-5 - (4 + -7) - -19).
8
What is the value of -12 - (-19 + 15 + -3)?
-5
What is the value of -4 - (-29 + 3 - -43)?
-21
Calculate -16 - (12 - 5 - 1).
-22
-195 + 191 + 1 + -15 - (3 - 11)
-10
Calculate 7 + (-6 - (5 - 9) - (1 + 7)).
-3
Evaluate -17 + 9 - ((-42 - -38) + (30 - 2)).
-32
What is the value of -24 - (8 - 30) - 11?
-13
Evaluate (-14 - 24 - -2) + 40.
4
Evaluate (16 - -2) + (9 - 17).
10
What is the value of -14 + 8 + -3 + 4 + (-2 - 1)?
-8
What is the value of (-27 - ((-39 - -14) + 6)) + -16?
-24
Evaluate (-7 - 1) + -155 + 170.
7
Calculate -258 - -246 - (-7 - (0 + 0)).
-5
-19 + -4 - (-64 - -45)
-4
Evaluate -1 + -38 + (-128 - -162).
-5
-26 - (-2 + -4 - (-11 - (-19 - -6)))
-18
Evaluate -181 + 220 + (-45 - -3).
-3
What is the value of (-4 - -15) + 4 - 10?
5
What is the value of 1 - (-18 - -5) - 31?
-17
What is -7 - (1 + -1 + 12) - -4?
-15
What is (-1 + 13 - (226 - 229)) + -11?
4
What is -42 - (-8 + (12 - 70))?
24
-3 - (7 + -7 - (-10 + 4))
-9
What is (3 - 10 - -9) + -8 - 4 - 18?
-28
Calculate 44 - 9 - (4 + 37).
-6
Calculate -22 + (30 - 6) + -17.
-15
Calculate -1455 + 1495 + -1 + -39.
0
What is the value of (-17 - -16) + (17 - 10)?
6
Evaluate (-9 - (-5 - 7)) + 8.
11
What is 7 + (-6 - (2 + -10 + 7 + -1))?
3
What is 1324 - 1314 - (-3 + -1 + -1)?
15
Evaluate 9 - (-5 + 8) - (5 - 12).
13
What is -1068 - -1047 - (-2 + -1 + (2 - 1))?
-19
Calculate -11 - -7 - 6 - (0 - -8).
-18
Evaluate (13 + -2 - 32) + 23.
2
Calculate -5 - (-4 - -5) - (-6 - -3) - 10.
-13
Evaluate -6 - (26 + -11) - -13.
-8
Calculate 54 - (-10 - (-7 + -45)).
12
89 + -86 + 1 + 9
13
Evaluate -14 + (-7 + 5 - -18).
2
-12 + -1 + (20 - 13)
-6
Evaluate -4 - (5 - (3 + 5)).
-1
What is 57 + -42 - (7 - -4)?
4
0 + 14 + (-1 - 16)
-3
(7 - (-1 - 3)) + -7 + -24
-20
Evaluate -4 + -6 + (16 - 10).
-4
Calculate 17 - 18 - (-28 - -6).
21
Calculate -1 - (12 - -1 - 11).
-3
What is -42 - -34 - (-6 - 0)?
-2
Evaluate (19 + -15 - 11) + -8 - -1.
-14
Evaluate 11 - -2 - (-72 - -74) - -12.
23
What is the value of -3 - (-3 + 50) - (-142 + 124)?
-32
Calculate (13 + (-13 - -10) - 48) + 1 + 0.
-37
Calculate 4 + -2 - (4 - 1) - 3 - -5.
1
Evaluate (-4 - 3) + -1 + (-24 - -42) + -24.
-14
Evaluate -11 + (-10 + 24 - 27 - 0).
-24
What is the value of (-6 - -6) + (20 - 12) + -4?
4
Evaluate (21 + 8 - 14 - 17) + -12.
-14
What is (-3 - -7 - 1) + (-104 - -90)?
-11
67 + -36 - (-9 + 73)
-33
Calculate 6 - (-1 + -4 + 12 + 0) - -5.
4
(25 - 15) + -12 - (-1 + 2) - 8
-11
What is the value of -41 - (-1 - 31) - -14?
5
Calculate 1 + 1 - (100 + -90 - (10 + 2)).
4
Calculate -2 + 2 + 10 + -46 + 4 + 3.
-29
-6 + 7 + -5 - ((-1 - 4) + -14)
15
What is (23 - (-14 - -27) - -8) + -14?
4
-28 - -3 - (221 - 253)
7
Calculate (-8 - 6 - 32) + 10.
-36
Evaluate (10 - (14 - 15)) + -8 + 4 + -38.
-31
What is 4 + -10 + -3 + 49 + -14?
26
What is -3 - 16 - -15 - (7 - -1)?
-12
What is the value of 0 + -3 + (60 - 69) + 20?
8
Calculate 3 + -10 - (1 - (8 + -14 + 25)).
11
22 - 14 - (-1 - (-11 - 3))
-5
What is (9 - (12 - (-5 + 4))) + 2?
-2
Evaluate 15 + (-16 - 0) + -9.
-10
What is -2 - 2 - (35 - 48) - 6?
3
Evaluate (0 - -1 - 1) + 9 + (-10315 - -10319).
13
What is the value of 21 - (-3 - -20) - 20?
-16
Calculate -132 + 134 + (0 - 19).
-17
What is the value of -18 + (15 - (-20 - -19))?
-2
Evaluate -5 - ((8 - ((0 - -4) + -12)) + 2).
-23
Calculate -2 + 1 + -14 + (11 - (-8 + 14)).
-10
What is -24 - (-1 - (-6 - -15))?
-14
Calculate -24 - (-18 - (2 + 7)).
3
Calculate 0 - 0 - (44 + (53 - 85)).
-12
What is the value of -3 + (1 - -8) + -3 - 4?
-1
Calculate -14 - (-18 - (-8 - -4)).
0
Calculate (1 - -5) + (-44 - -31 - -20).
13
Evaluate -11 - (2 - -4) - (-49 - -48).
-16
What is the value of -3 - -7 - (-17 - 3 - -9)?
15
What is 6 + (-5 - -11) + -10?
2
Evaluate 2 + 2 + 7 + -37 + 34.
8
((-15 - -3) + 2 - -6) + (2 - 1)
-3
What is -8 - -2 - (19 - (-20 + 39 + -20))?
-26
Calculate -15 - (2 + 9 + -12).
-14
Evaluate -4 + 11 + -3 + -8 + (20 - -1).
17
What is (157 - 170) + 15 + -2?
0
(-38 - -33 - (0 - 13)) + 4
12
15 + -5 + (2 - 6) - 9 - -6
3
Evaluate 9 + (-14 - -3 - -7 - 4).
1
Calculate -1 - 2 - (-18 - -31 - 18).
2
-33 - (1 + 19 + -175 + 156)
-34
What is -2 + 3 + (-31 - 19 - -31)?
-18
Evaluate 1 + (8 - ((0 + -5 - -3) + 3)).
8
What is the value of 17 - (-1 + (3 - -3 - (-4 + 5)))?
13
Evaluate -4 - 1 - (-2 - (-5 - -7)).
-1
Evaluate (42 - 40) + (-2 - 1) + 15 + -1.
13
1 + 14 - (0 + (8 - 18 - -10))
15
What is the value of -21 - (-5 - -7) - -8?
-15
Evaluate 10 + (6 - -1 - 7).
10
Calculate -5 + 0 - ((-53 - -27) + 36).
-15
Evaluate 19 + -6 - 7 - (26 - 3).
-17
0 + 15 + -7 + -10 + -12
-14
Evaluate (-9 - -3 - (-16 + 6)) + 8 + -2.
10
Evaluate 5 + -8 + 2 - -2 - (7 - 2).
-4
What is the value of 2 + 10 + -7 + -1 + 14?
18
Calculate -4 - (-7 - (-6 + 5 + 3)) - 31.
-26
What is the value of (1 + -8 - -3) + -7 + 15 + -16?
-12
(0 + -1 - 1 - (14 + -4)) + 4
-8
Calculate 20 + 7 - 16 - 0 - (-1 + 31).
-19
Evaluate 0 - (-1 + 1) - ((2 - -7) + -4).
-5
What is the value of (-2 - -9) + -6 + 2 + -1 + -2?
0
Evaluate (-4 - 2 - (22 + -7 - 18)) + 3.
0
(4 + 1 - -2) + 6 + 1
14
What is the value of -86 + 117 + -19 + -1?
11
(6 - -8) + 29 + -43
0
What is the value of -17 + (13 - (-3 - -8)) + 6?
-3
(6 - (4 - 1)) + (-31 - -1) + -2
-29
Calculate 3 - (8 + (6 + 3 - 44 - 5)).
35
13 + -27 - -26 - -6
18
Evaluate 105 - 112 - (3 + (-1 - 2)).
-7
-12 - (-1 + (-3 - -1))
-9
Evaluate 30 + -11 + (3 - -11 - -8) + -9.
32
Evaluate (5 - (-1 - 0) - (6 + 13)) + 2.
-11
Calculate 10 + -5 + 6 + -10.
1
Calculate -3 + (-3 - 1) - 0 - -4 - -11.
8
What is (23 - 43) + (-15 - -23)?
-12
Evaluate -10 - -21 - 41 - -5.
-25
What is (-26 + 14 - -8) + -5?
-9
What is 79 - (45 + 37) - (10 + 1)?
-14
What is 22 - (41 + 6 + -3)?
-22
(9 - ((8 - 7) + 10)) + -1
-3
What is 39 + (-6 - -7) + 5 + -9?
36
Calculate -1 + -2 + (9 - 1) + 12 + -14.
3
Calculate 9 + (6 + -4 - 2) + -6 + 2.
5
-4 + (-